{"id":86,"date":"2024-05-21T23:16:58","date_gmt":"2024-05-22T05:16:58","guid":{"rendered":"https:\/\/sanvidamara.com\/tienda\/?post_type=product&#038;p=86"},"modified":"2025-12-22T21:57:49","modified_gmt":"2025-12-23T03:57:49","slug":"crema-de-cacahuate-sin-endulzar","status":"publish","type":"product","link":"https:\/\/sanvidamara.com\/tienda\/producto\/crema-de-cacahuate-sin-endulzar\/","title":{"rendered":"Crema de Cacahuate Sin endulzar"},"content":{"rendered":"<h2><strong>\u00a1Vive la hermosa experiencia de SanvidaMara!<\/strong><\/h2>\n<p>&nbsp;<\/p>\n<h3><strong>\u00bfEst\u00e1s buscando una alternativa saludable y deliciosa a la crema de cacahuate tradicional?<\/strong><\/h3>\n<p>Entonces, no busques m\u00e1s. Sanvida tiene lo que necesitas: nuestra crema de cacahuate es 100% natural, sin aditivos ni conservadores. Adem\u00e1s, es apta para veganos, lo que la convierte en una opci\u00f3n ideal para cualquier persona que desee cuidar su salud y el planeta.<br \/>\nPero eso no es todo. <strong>Nuestra crema de cacahuate es una delicia<\/strong> que seguramente satisfar\u00e1 tus antojos.<\/p>\n<p>Hecha con man\u00edes tostados y molidos a la perfecci\u00f3n, su sabor suave y cremoso te dejar\u00e1 boquiabierto\/a. Es perfecta para untar sobre pan de Caja o pan tostado, agregar a batidos de prote\u00ednas, preparar cualquiera de las recetas que iremos compartiendo \u00a0o simplemente comerla directamente del frasco.<\/p>\n<p>Pero lo mejor de todo es que comprar un frasco de crema de man\u00ed Sanvida es apoyar una empresa \u00e9tica y sostenible. Trabajamos con productores locales y nos aseguramos de que nuestros productos sean de la m\u00e1s alta calidad, al mismo tiempo que minimizamos nuestro impacto en el medio ambiente.<\/p>\n<p>As\u00ed que, \u00bfa qu\u00e9 esperas? \u00a1Compra hoy mismo un frasco de crema de man\u00ed Sanvida y disfruta de una delicia saludable y nutritiva que no te decepcionar\u00e1!<\/p>\n<h2><strong>Crema de man\u00ed Sin endulzar<\/strong><\/h2>\n<ul>\n<li>\u00danico ingrediente cacahuate horneado<\/li>\n<li>\u00a0Sin ning\u00fan endulzante<\/li>\n<li>\u00a0Sin aceite a\u00f1adido.<\/li>\n<li>\u00a0Sin conservadores<\/li>\n<li>\u00a0Sin saborizantes ni colorantes artificiales<\/li>\n<li>\u00a0Sin sal<\/li>\n<\/ul>\n<h5>300g<\/h5>\n","protected":false},"excerpt":{"rendered":"<p>Es perfecta para untar sobre pan de Caja o pan tostado, agregar a batidos de prote\u00ednas, preparar cualquiera de las recetas que iremos compartiendo \u00a0o simplemente comerla directamente del frasco.<\/p>\n","protected":false},"featured_media":66,"comment_status":"open","ping_status":"closed","template":"","meta":{"_et_pb_use_builder":"","_et_pb_old_content":"","_et_gb_content_width":""},"product_brand":[],"product_cat":[19],"product_tag":[],"class_list":{"0":"post-86","1":"product","2":"type-product","3":"status-publish","4":"has-post-thumbnail","6":"product_cat-crema-de-cacahuate-sanvida","8":"first","9":"instock","10":"sale","11":"shipping-taxable","12":"purchasable","13":"product-type-simple"},"yoast_head":"<!-- This site is optimized with the Yoast SEO plugin v27.3 - https:\/\/yoast.com\/product\/yoast-seo-wordpress\/ -->\n<title>Crema de Cacahuate Sin endulzar - Tienda SanvidaMara<\/title>\n<meta name=\"robots\" content=\"index, follow, max-snippet:-1, max-image-preview:large, max-video-preview:-1\" \/>\n<link rel=\"canonical\" href=\"https:\/\/sanvidamara.com\/tienda\/producto\/crema-de-cacahuate-sin-endulzar\/\" \/>\n<meta property=\"og:locale\" content=\"es_ES\" \/>\n<meta property=\"og:type\" content=\"article\" \/>\n<meta property=\"og:title\" content=\"Crema de Cacahuate Sin endulzar - Tienda SanvidaMara\" \/>\n<meta property=\"og:description\" content=\"Es perfecta para untar sobre pan de Caja o pan tostado, agregar a batidos de prote\u00ednas, preparar cualquiera de las recetas que iremos compartiendo \u00a0o simplemente comerla directamente del frasco.\" \/>\n<meta property=\"og:url\" content=\"https:\/\/sanvidamara.com\/tienda\/producto\/crema-de-cacahuate-sin-endulzar\/\" \/>\n<meta property=\"og:site_name\" content=\"Tienda SanvidaMara\" \/>\n<meta property=\"article:modified_time\" content=\"2025-12-23T03:57:49+00:00\" \/>\n<meta name=\"twitter:card\" content=\"summary_large_image\" \/>\n<meta name=\"twitter:label1\" content=\"Tiempo de lectura\" \/>\n\t<meta name=\"twitter:data1\" content=\"1 minuto\" \/>\n<script type=\"application\/ld+json\" class=\"yoast-schema-graph\">{\"@context\":\"https:\\\/\\\/schema.org\",\"@graph\":[{\"@type\":\"WebPage\",\"@id\":\"https:\\\/\\\/sanvidamara.com\\\/tienda\\\/producto\\\/crema-de-cacahuate-sin-endulzar\\\/\",\"url\":\"https:\\\/\\\/sanvidamara.com\\\/tienda\\\/producto\\\/crema-de-cacahuate-sin-endulzar\\\/\",\"name\":\"Crema de Cacahuate Sin endulzar - Tienda SanvidaMara\",\"isPartOf\":{\"@id\":\"https:\\\/\\\/sanvidamara.com\\\/tienda\\\/#website\"},\"primaryImageOfPage\":{\"@id\":\"https:\\\/\\\/sanvidamara.com\\\/tienda\\\/producto\\\/crema-de-cacahuate-sin-endulzar\\\/#primaryimage\"},\"image\":{\"@id\":\"https:\\\/\\\/sanvidamara.com\\\/tienda\\\/producto\\\/crema-de-cacahuate-sin-endulzar\\\/#primaryimage\"},\"thumbnailUrl\":\"https:\\\/\\\/sanvidamara.com\\\/tienda\\\/wp-content\\\/uploads\\\/2024\\\/05\\\/Sin-Endulzar.avif\",\"datePublished\":\"2024-05-22T05:16:58+00:00\",\"dateModified\":\"2025-12-23T03:57:49+00:00\",\"breadcrumb\":{\"@id\":\"https:\\\/\\\/sanvidamara.com\\\/tienda\\\/producto\\\/crema-de-cacahuate-sin-endulzar\\\/#breadcrumb\"},\"inLanguage\":\"es\",\"potentialAction\":[{\"@type\":\"ReadAction\",\"target\":[\"https:\\\/\\\/sanvidamara.com\\\/tienda\\\/producto\\\/crema-de-cacahuate-sin-endulzar\\\/\"]}]},{\"@type\":\"ImageObject\",\"inLanguage\":\"es\",\"@id\":\"https:\\\/\\\/sanvidamara.com\\\/tienda\\\/producto\\\/crema-de-cacahuate-sin-endulzar\\\/#primaryimage\",\"url\":\"https:\\\/\\\/sanvidamara.com\\\/tienda\\\/wp-content\\\/uploads\\\/2024\\\/05\\\/Sin-Endulzar.avif\",\"contentUrl\":\"https:\\\/\\\/sanvidamara.com\\\/tienda\\\/wp-content\\\/uploads\\\/2024\\\/05\\\/Sin-Endulzar.avif\",\"width\":392,\"height\":392,\"caption\":\"Crema de cacahuate sin endulzar\"},{\"@type\":\"BreadcrumbList\",\"@id\":\"https:\\\/\\\/sanvidamara.com\\\/tienda\\\/producto\\\/crema-de-cacahuate-sin-endulzar\\\/#breadcrumb\",\"itemListElement\":[{\"@type\":\"ListItem\",\"position\":1,\"name\":\"Portada\",\"item\":\"https:\\\/\\\/sanvidamara.com\\\/tienda\\\/\"},{\"@type\":\"ListItem\",\"position\":2,\"name\":\"Tienda\",\"item\":\"https:\\\/\\\/sanvidamara.com\\\/tienda\\\/\"},{\"@type\":\"ListItem\",\"position\":3,\"name\":\"Crema de Cacahuate Sin endulzar\"}]},{\"@type\":\"WebSite\",\"@id\":\"https:\\\/\\\/sanvidamara.com\\\/tienda\\\/#website\",\"url\":\"https:\\\/\\\/sanvidamara.com\\\/tienda\\\/\",\"name\":\"Tienda SanvidaMara\",\"description\":\"\",\"publisher\":{\"@id\":\"https:\\\/\\\/sanvidamara.com\\\/tienda\\\/#organization\"},\"potentialAction\":[{\"@type\":\"SearchAction\",\"target\":{\"@type\":\"EntryPoint\",\"urlTemplate\":\"https:\\\/\\\/sanvidamara.com\\\/tienda\\\/?s={search_term_string}\"},\"query-input\":{\"@type\":\"PropertyValueSpecification\",\"valueRequired\":true,\"valueName\":\"search_term_string\"}}],\"inLanguage\":\"es\"},{\"@type\":\"Organization\",\"@id\":\"https:\\\/\\\/sanvidamara.com\\\/tienda\\\/#organization\",\"name\":\"Tienda SanvidaMara\",\"url\":\"https:\\\/\\\/sanvidamara.com\\\/tienda\\\/\",\"logo\":{\"@type\":\"ImageObject\",\"inLanguage\":\"es\",\"@id\":\"https:\\\/\\\/sanvidamara.com\\\/tienda\\\/#\\\/schema\\\/logo\\\/image\\\/\",\"url\":\"https:\\\/\\\/sanvidamara.com\\\/tienda\\\/wp-content\\\/uploads\\\/2024\\\/04\\\/Icono-del-sitio-.webp\",\"contentUrl\":\"https:\\\/\\\/sanvidamara.com\\\/tienda\\\/wp-content\\\/uploads\\\/2024\\\/04\\\/Icono-del-sitio-.webp\",\"width\":512,\"height\":512,\"caption\":\"Tienda SanvidaMara\"},\"image\":{\"@id\":\"https:\\\/\\\/sanvidamara.com\\\/tienda\\\/#\\\/schema\\\/logo\\\/image\\\/\"}}]}<\/script>\n<!-- \/ Yoast SEO plugin. -->","yoast_head_json":{"title":"Crema de Cacahuate Sin endulzar - Tienda SanvidaMara","robots":{"index":"index","follow":"follow","max-snippet":"max-snippet:-1","max-image-preview":"max-image-preview:large","max-video-preview":"max-video-preview:-1"},"canonical":"https:\/\/sanvidamara.com\/tienda\/producto\/crema-de-cacahuate-sin-endulzar\/","og_locale":"es_ES","og_type":"article","og_title":"Crema de Cacahuate Sin endulzar - Tienda SanvidaMara","og_description":"Es perfecta para untar sobre pan de Caja o pan tostado, agregar a batidos de prote\u00ednas, preparar cualquiera de las recetas que iremos compartiendo \u00a0o simplemente comerla directamente del frasco.","og_url":"https:\/\/sanvidamara.com\/tienda\/producto\/crema-de-cacahuate-sin-endulzar\/","og_site_name":"Tienda SanvidaMara","article_modified_time":"2025-12-23T03:57:49+00:00","twitter_card":"summary_large_image","twitter_misc":{"Tiempo de lectura":"1 minuto"},"schema":{"@context":"https:\/\/schema.org","@graph":[{"@type":"WebPage","@id":"https:\/\/sanvidamara.com\/tienda\/producto\/crema-de-cacahuate-sin-endulzar\/","url":"https:\/\/sanvidamara.com\/tienda\/producto\/crema-de-cacahuate-sin-endulzar\/","name":"Crema de Cacahuate Sin endulzar - Tienda SanvidaMara","isPartOf":{"@id":"https:\/\/sanvidamara.com\/tienda\/#website"},"primaryImageOfPage":{"@id":"https:\/\/sanvidamara.com\/tienda\/producto\/crema-de-cacahuate-sin-endulzar\/#primaryimage"},"image":{"@id":"https:\/\/sanvidamara.com\/tienda\/producto\/crema-de-cacahuate-sin-endulzar\/#primaryimage"},"thumbnailUrl":"https:\/\/sanvidamara.com\/tienda\/wp-content\/uploads\/2024\/05\/Sin-Endulzar.avif","datePublished":"2024-05-22T05:16:58+00:00","dateModified":"2025-12-23T03:57:49+00:00","breadcrumb":{"@id":"https:\/\/sanvidamara.com\/tienda\/producto\/crema-de-cacahuate-sin-endulzar\/#breadcrumb"},"inLanguage":"es","potentialAction":[{"@type":"ReadAction","target":["https:\/\/sanvidamara.com\/tienda\/producto\/crema-de-cacahuate-sin-endulzar\/"]}]},{"@type":"ImageObject","inLanguage":"es","@id":"https:\/\/sanvidamara.com\/tienda\/producto\/crema-de-cacahuate-sin-endulzar\/#primaryimage","url":"https:\/\/sanvidamara.com\/tienda\/wp-content\/uploads\/2024\/05\/Sin-Endulzar.avif","contentUrl":"https:\/\/sanvidamara.com\/tienda\/wp-content\/uploads\/2024\/05\/Sin-Endulzar.avif","width":392,"height":392,"caption":"Crema de cacahuate sin endulzar"},{"@type":"BreadcrumbList","@id":"https:\/\/sanvidamara.com\/tienda\/producto\/crema-de-cacahuate-sin-endulzar\/#breadcrumb","itemListElement":[{"@type":"ListItem","position":1,"name":"Portada","item":"https:\/\/sanvidamara.com\/tienda\/"},{"@type":"ListItem","position":2,"name":"Tienda","item":"https:\/\/sanvidamara.com\/tienda\/"},{"@type":"ListItem","position":3,"name":"Crema de Cacahuate Sin endulzar"}]},{"@type":"WebSite","@id":"https:\/\/sanvidamara.com\/tienda\/#website","url":"https:\/\/sanvidamara.com\/tienda\/","name":"Tienda SanvidaMara","description":"","publisher":{"@id":"https:\/\/sanvidamara.com\/tienda\/#organization"},"potentialAction":[{"@type":"SearchAction","target":{"@type":"EntryPoint","urlTemplate":"https:\/\/sanvidamara.com\/tienda\/?s={search_term_string}"},"query-input":{"@type":"PropertyValueSpecification","valueRequired":true,"valueName":"search_term_string"}}],"inLanguage":"es"},{"@type":"Organization","@id":"https:\/\/sanvidamara.com\/tienda\/#organization","name":"Tienda SanvidaMara","url":"https:\/\/sanvidamara.com\/tienda\/","logo":{"@type":"ImageObject","inLanguage":"es","@id":"https:\/\/sanvidamara.com\/tienda\/#\/schema\/logo\/image\/","url":"https:\/\/sanvidamara.com\/tienda\/wp-content\/uploads\/2024\/04\/Icono-del-sitio-.webp","contentUrl":"https:\/\/sanvidamara.com\/tienda\/wp-content\/uploads\/2024\/04\/Icono-del-sitio-.webp","width":512,"height":512,"caption":"Tienda SanvidaMara"},"image":{"@id":"https:\/\/sanvidamara.com\/tienda\/#\/schema\/logo\/image\/"}}]}},"_links":{"self":[{"href":"https:\/\/sanvidamara.com\/tienda\/wp-json\/wp\/v2\/product\/86","targetHints":{"allow":["GET"]}}],"collection":[{"href":"https:\/\/sanvidamara.com\/tienda\/wp-json\/wp\/v2\/product"}],"about":[{"href":"https:\/\/sanvidamara.com\/tienda\/wp-json\/wp\/v2\/types\/product"}],"replies":[{"embeddable":true,"href":"https:\/\/sanvidamara.com\/tienda\/wp-json\/wp\/v2\/comments?post=86"}],"wp:featuredmedia":[{"embeddable":true,"href":"https:\/\/sanvidamara.com\/tienda\/wp-json\/wp\/v2\/media\/66"}],"wp:attachment":[{"href":"https:\/\/sanvidamara.com\/tienda\/wp-json\/wp\/v2\/media?parent=86"}],"wp:term":[{"taxonomy":"product_brand","embeddable":true,"href":"https:\/\/sanvidamara.com\/tienda\/wp-json\/wp\/v2\/product_brand?post=86"},{"taxonomy":"product_cat","embeddable":true,"href":"https:\/\/sanvidamara.com\/tienda\/wp-json\/wp\/v2\/product_cat?post=86"},{"taxonomy":"product_tag","embeddable":true,"href":"https:\/\/sanvidamara.com\/tienda\/wp-json\/wp\/v2\/product_tag?post=86"}],"curies":[{"name":"wp","href":"https:\/\/api.w.org\/{rel}","templated":true}]}}